{"id":91646,"date":"2026-01-28T01:51:38","date_gmt":"2026-01-28T01:51:38","guid":{"rendered":"https:\/\/neww.calzatesp.com\/?post_type=product&#038;p=91646"},"modified":"2026-01-28T01:51:43","modified_gmt":"2026-01-28T01:51:43","slug":"bag-dior-15","status":"publish","type":"product","link":"https:\/\/calzatesp.com\/index.php\/producto\/bag-dior-15\/","title":{"rendered":"Bag Dior"},"content":{"rendered":"","protected":false},"excerpt":{"rendered":"<p>Este bolso Dior es la m\u00e1xima expresi\u00f3n de elegancia y exclusividad. Confeccionado con materiales de alta calidad y un dise\u00f1o ic\u00f3nico, combina a la perfecci\u00f3n artesan\u00eda y estilo. Sus detalles refinados y acabados impecables lo convierten en el complemento ideal para realzar cualquier look con distinci\u00f3n. Un s\u00edmbolo de lujo atemporal para quienes buscan sofisticaci\u00f3n en cada detalle.<\/p>\n","protected":false},"featured_media":74895,"comment_status":"open","ping_status":"closed","template":"","meta":[],"product_brand":[],"product_cat":[233,238,239],"product_tag":[],"class_list":{"0":"post-91646","1":"product","2":"type-product","3":"status-publish","4":"has-post-thumbnail","6":"product_cat-accesorios-2","7":"product_cat-bags","8":"product_cat-rinoneras","10":"first","11":"instock","12":"sale","13":"shipping-taxable","14":"purchasable","15":"product-type-simple"},"jetpack_sharing_enabled":true,"_links":{"self":[{"href":"https:\/\/calzatesp.com\/index.php\/wp-json\/wp\/v2\/product\/91646","targetHints":{"allow":["GET"]}}],"collection":[{"href":"https:\/\/calzatesp.com\/index.php\/wp-json\/wp\/v2\/product"}],"about":[{"href":"https:\/\/calzatesp.com\/index.php\/wp-json\/wp\/v2\/types\/product"}],"replies":[{"embeddable":true,"href":"https:\/\/calzatesp.com\/index.php\/wp-json\/wp\/v2\/comments?post=91646"}],"version-history":[{"count":1,"href":"https:\/\/calzatesp.com\/index.php\/wp-json\/wp\/v2\/product\/91646\/revisions"}],"predecessor-version":[{"id":91676,"href":"https:\/\/calzatesp.com\/index.php\/wp-json\/wp\/v2\/product\/91646\/revisions\/91676"}],"wp:featuredmedia":[{"embeddable":true,"href":"https:\/\/calzatesp.com\/index.php\/wp-json\/wp\/v2\/media\/74895"}],"wp:attachment":[{"href":"https:\/\/calzatesp.com\/index.php\/wp-json\/wp\/v2\/media?parent=91646"}],"wp:term":[{"taxonomy":"product_brand","embeddable":true,"href":"https:\/\/calzatesp.com\/index.php\/wp-json\/wp\/v2\/product_brand?post=91646"},{"taxonomy":"product_cat","embeddable":true,"href":"https:\/\/calzatesp.com\/index.php\/wp-json\/wp\/v2\/product_cat?post=91646"},{"taxonomy":"product_tag","embeddable":true,"href":"https:\/\/calzatesp.com\/index.php\/wp-json\/wp\/v2\/product_tag?post=91646"}],"curies":[{"name":"wp","href":"https:\/\/api.w.org\/{rel}","templated":true}]}}